{"id":6,"date":"2025-03-10T11:36:56","date_gmt":"2025-03-10T14:36:56","guid":{"rendered":"https:\/\/aasj.com.br\/?page_id=6"},"modified":"2025-03-10T12:17:28","modified_gmt":"2025-03-10T15:17:28","slug":"home","status":"publish","type":"page","link":"https:\/\/aasj.com.br\/","title":{"rendered":"Home"},"content":{"rendered":"\t\t<div data-elementor-type=\"wp-page\" data-elementor-id=\"6\" class=\"elementor elementor-6\">\n\t\t\t\t<div class=\"elementor-element elementor-element-c957f92 e-con-full e-flex e-con e-parent\" data-id=\"c957f92\" data-element_type=\"container\" data-settings=\"{&quot;background_background&quot;:&quot;classic&quot;}\">\n\t\t<div class=\"elementor-element elementor-element-89c019f e-con-full e-flex e-con e-child\" data-id=\"89c019f\" data-element_type=\"container\">\n\t\t\t\t<div class=\"elementor-element elementor-element-7d3e2a7 elementor-widget elementor-widget-image\" data-id=\"7d3e2a7\" data-element_type=\"widget\" data-widget_type=\"image.default\">\n\t\t\t\t<div class=\"elementor-widget-container\">\n\t\t\t\t\t\t\t\t\t\t\t\t\t\t\t<img decoding=\"async\" width=\"600\" height=\"50\" src=\"https:\/\/aasj.com.br\/wp-content\/uploads\/2025\/03\/TechOcean-Grupo-TechOcean-Logo.webp\" class=\"attachment-full size-full wp-image-15\" alt=\"\" srcset=\"https:\/\/aasj.com.br\/wp-content\/uploads\/2025\/03\/TechOcean-Grupo-TechOcean-Logo.webp 600w, https:\/\/aasj.com.br\/wp-content\/uploads\/2025\/03\/TechOcean-Grupo-TechOcean-Logo-300x25.webp 300w\" sizes=\"(max-width: 600px) 100vw, 600px\" \/>\t\t\t\t\t\t\t\t\t\t\t\t\t\t\t<\/div>\n\t\t\t\t<\/div>\n\t\t\t\t<\/div>\n\t\t\t\t<\/div>\n\t\t<div class=\"elementor-element elementor-element-f06cc3d e-flex e-con-boxed e-con e-parent\" data-id=\"f06cc3d\" data-element_type=\"container\">\n\t\t\t\t\t<div class=\"e-con-inner\">\n\t\t\t\t<div class=\"elementor-element elementor-element-3939a09 elementor-widget elementor-widget-heading\" data-id=\"3939a09\" data-element_type=\"widget\" data-widget_type=\"heading.default\">\n\t\t\t\t<div class=\"elementor-widget-container\">\n\t\t\t\t\t<h2 class=\"elementor-heading-title elementor-size-default\">Novos momentos inspiram novos come\u00e7os.<\/h2>\t\t\t\t<\/div>\n\t\t\t\t<\/div>\n\t\t\t\t<div class=\"elementor-element elementor-element-fc1c5f4 elementor-widget elementor-widget-text-editor\" data-id=\"fc1c5f4\" data-element_type=\"widget\" data-widget_type=\"text-editor.default\">\n\t\t\t\t<div class=\"elementor-widget-container\">\n\t\t\t\t\t\t\t\t\t<p>Com a unifica\u00e7\u00e3o das marcas e a forma\u00e7\u00e3o do Grupo Tech, gostar\u00edamos de compartilhar o nosso novo site.<\/p>\t\t\t\t\t\t\t\t<\/div>\n\t\t\t\t<\/div>\n\t\t\t\t<div class=\"elementor-element elementor-element-4c13e51 elementor-widget elementor-widget-heading\" data-id=\"4c13e51\" data-element_type=\"widget\" data-widget_type=\"heading.default\">\n\t\t\t\t<div class=\"elementor-widget-container\">\n\t\t\t\t\t<h2 class=\"elementor-heading-title elementor-size-default\">Por favor aguarde, estamos te redirecionando...<br>\nRedirecionando em <span id=\"seconds\">15<\/span> ou clique no bot\u00e3o abaixo<\/h2>\t\t\t\t<\/div>\n\t\t\t\t<\/div>\n\t\t\t\t<div class=\"elementor-element elementor-element-e2694be elementor-widget elementor-widget-button\" data-id=\"e2694be\" data-element_type=\"widget\" data-widget_type=\"button.default\">\n\t\t\t\t<div class=\"elementor-widget-container\">\n\t\t\t\t\t\t\t\t\t<div class=\"elementor-button-wrapper\">\n\t\t\t\t\t<a class=\"elementor-button elementor-button-link elementor-size-sm\" href=\"https:\/\/tech-aasj.com.br\/\">\n\t\t\t\t\t\t<span class=\"elementor-button-content-wrapper\">\n\t\t\t\t\t\t\t\t\t<span class=\"elementor-button-text\">Acesse o novo site imediatamente<\/span>\n\t\t\t\t\t<\/span>\n\t\t\t\t\t<\/a>\n\t\t\t\t<\/div>\n\t\t\t\t\t\t\t\t<\/div>\n\t\t\t\t<\/div>\n\t\t\t\t<div class=\"elementor-element elementor-element-8033e9e elementor-widget elementor-widget-html\" data-id=\"8033e9e\" data-element_type=\"widget\" data-widget_type=\"html.default\">\n\t\t\t\t<div class=\"elementor-widget-container\">\n\t\t\t\t\t<script>\r\n\/\/ Countdown timer for redirecting to another URL after several seconds\r\n\r\nvar seconds = 15; \/\/ seconds for HTML\r\nvar foo; \/\/ variable for clearInterval() function\r\n\r\nfunction redirect() {\r\n    document.location.href = 'https:\/\/tech-aasj.com.br\/';\r\n}\r\n\r\nfunction updateSecs() {\r\n    document.getElementById(\"seconds\").innerHTML = seconds;\r\n    seconds--;\r\n    if (seconds == -1) {\r\n        clearInterval(foo);\r\n        redirect();\r\n    }\r\n}\r\n\r\nfunction countdownTimer() {\r\n    foo = setInterval(function () {\r\n        updateSecs()\r\n    }, 1000);\r\n}\r\n\r\ncountdownTimer();\r\n<\/script>\t\t\t\t<\/div>\n\t\t\t\t<\/div>\n\t\t\t\t\t<\/div>\n\t\t\t\t<\/div>\n\t\t\t\t<\/div>\n\t\t","protected":false},"excerpt":{"rendered":"<p>Novos momentos inspiram novos come\u00e7os. Com a unifica\u00e7\u00e3o das marcas e a forma\u00e7\u00e3o do Grupo Tech, gostar\u00edamos de compartilhar o nosso novo site. Por favor aguarde, estamos te redirecionando&#8230; Redirecionando em 15 ou clique no bot\u00e3o abaixo Acesse o novo site imediatamente<\/p>\n","protected":false},"author":1,"featured_media":0,"parent":0,"menu_order":0,"comment_status":"closed","ping_status":"closed","template":"elementor_canvas","meta":{"footnotes":""},"class_list":["post-6","page","type-page","status-publish","hentry"],"_links":{"self":[{"href":"https:\/\/aasj.com.br\/index.php?rest_route=\/wp\/v2\/pages\/6","targetHints":{"allow":["GET"]}}],"collection":[{"href":"https:\/\/aasj.com.br\/index.php?rest_route=\/wp\/v2\/pages"}],"about":[{"href":"https:\/\/aasj.com.br\/index.php?rest_route=\/wp\/v2\/types\/page"}],"author":[{"embeddable":true,"href":"https:\/\/aasj.com.br\/index.php?rest_route=\/wp\/v2\/users\/1"}],"replies":[{"embeddable":true,"href":"https:\/\/aasj.com.br\/index.php?rest_route=%2Fwp%2Fv2%2Fcomments&post=6"}],"version-history":[{"count":24,"href":"https:\/\/aasj.com.br\/index.php?rest_route=\/wp\/v2\/pages\/6\/revisions"}],"predecessor-version":[{"id":40,"href":"https:\/\/aasj.com.br\/index.php?rest_route=\/wp\/v2\/pages\/6\/revisions\/40"}],"wp:attachment":[{"href":"https:\/\/aasj.com.br\/index.php?rest_route=%2Fwp%2Fv2%2Fmedia&parent=6"}],"curies":[{"name":"wp","href":"https:\/\/api.w.org\/{rel}","templated":true}]}}